rue
Is 165131 a composite number?
True
Is 21769 a composite number?
True
Is 536189 a prime number?
True
Is 131659 prime?
False
Is 367981 prime?
False
Is 130147 a composite number?
False
Is 2039 composite?
False
Is 2863 prime?
False
Is 132019 prime?
True
Is 362599 prime?
True
Is 97235 prime?
False
Is 69691 a prime number?
True
Is 42263 a prime number?
False
Is 42663 a composite number?
True
Is 193357 a composite number?
False
Is 41857 a prime number?
False
Is 290579 a prime number?
False
Is 250343 prime?
True
Is 28319 a composite number?
False
Is 13303 prime?
False
Is 71387 a prime number?
True
Is 18059 prime?
True
Is 206501 prime?
True
Is 6977 a prime number?
True
Is 31441 a prime number?
False
Is 377 prime?
False
Is 88423 prime?
True
Is 70553 composite?
True
Is 3719 composite?
False
Is 402823 prime?
True
Is 23113 a composite number?
True
Is 1111841 prime?
True
Is 134731 a composite number?
False
Is 2333 composite?
False
Is 109033 prime?
False
Is 5903 a prime number?
True
Is 514841 a composite number?
False
Is 92333 a composite number?
False
Is 4139 prime?
True
Is 4839 a composite number?
True
Is 14029 composite?
False
Is 26933 a prime number?
False
Is 45061 a composite number?
False
Is 12297 composite?
True
Is 34139 prime?
False
Is 291133 composite?
True
Is 19466 prime?
False
Is 118793 composite?
True
Is 21467 composite?
False
Is 2239807 composite?
False
Is 445069 prime?
True
Is 51627 a composite number?
True
Is 2784883 a composite number?
False
Is 3513377 composite?
True
Is 144611 a prime number?
True
Is 89169 a composite number?
True
Is 15259 a prime number?
True
Is 471521 a prime number?
True
Is 7493 a composite number?
True
Is 96953 prime?
True
Is 269935 composite?
True
Is 12991 composite?
True
Is 163517 a composite number?
False
Is 17213 a composite number?
True
Is 502 prime?
False
Is 221899 a composite number?
True
Is 196901 prime?
True
Is 215063 a composite number?
False
Is 16438 a prime number?
False
Is 2289739 a prime number?
True
Is 8887 a composite number?
False
Is 588767 a composite number?
False
Is 757109 prime?
True
Is 19243 composite?
True
Is 1039 a prime number?
True
Is 28394 a composite number?
True
Is 69505 prime?
False
Is 722119 prime?
True
Is 1651 composite?
True
Is 896311 a prime number?
False
Is 37217 a composite number?
False
Is 8161 a composite number?
False
Is 4103 composite?
True
Is 5921 composite?
True
Is 76079 composite?
False
Is 20389 composite?
False
Is 204839 a composite number?
True
Is 7183 prime?
False
Is 50185 a composite number?
True
Is 121567 composite?
True
Is 3389 prime?
True
Is 43573 a prime number?
True
Is 1759847 a prime number?
True
Is 36433 composite?
False
Is 48647 a composite number?
False
Is 17783 composite?
False
Is 449381 prime?
True
Is 20431 composite?
False
Is 150781 a prime number?
False
Is 116113 prime?
True
Is 5509 a prime number?
False
Is 122387 composite?
False
Is 15157 composite?
True
Is 4903 a composite number?
False
Is 874271 composite?
False
Is 15397 prime?
False
Is 359377 a composite number?
False
Is 13517 a prime number?
False
Is 39139 a composite number?
False
Is 1278551 composite?
False
Is 44467 a composite number?
True
Is 53111 composite?
True
Is 10909 composite?
False
Is 499 a composite number?
False
Is 264779 prime?
True
Is 175103 a composite number?
False
Is 4009 a composite number?
True
Is 200289 a prime number?
False
Is 2039 composite?
False
Is 8467 composite?
False
Is 643519 prime?
False
Is 49331 prime?
True
Is 1355713 prime?
True
Is 38273 a composite number?
False
Is 48437 a prime number?
True
Is 12598 composite?
True
Is 41273 a composite number?
True
Is 1096078 composite?
True
Is 29243 prime?
True
Is 56761 a prime number?
False
Is 127011 composite?
True
Is 1272983 a composite number?
False
Is 21089 a composite number?
False
Is 9649 prime?
True
Is 919929 composite?
True
Is 2459 a composite number?
False
Is 817681 a composite number?
True
Is 11861 prime?
False
Is 5557 a composite number?
False
Is 10223 a composite number?
False
Is 43661 composite?
False
Is 59201 prime?
False
Is 2563 a composite number?
True
Is 639281 a prime number?
False
Is 986009 a composite number?
True
Is 331901 a prime number?
False
Is 138107 a prime number?
True
Is 52141 composite?
True
Is 777593 prime?
False
Is 3574 a prime number?
False
Is 991 prime?
True
Is 3502855 prime?
False
Is 19813 prime?
True
Is 4643 a composite number?
False
Is 55381 a prime number?
True
Is 4327 a composite number?
False
Is 38177 prime?
True
Is 72613 a prime number?
True
Is 16427 prime?
True
Is 31907 a composite number?
False
Is 51079 a composite number?
True
Is 9055 prime?
False
Is 59759 prime?
False
Is 97201 a composite number?
True
Is 1910983 a composite number?
True
Is 132805 prime?
False
Is 1361 a prime number?
True
Is 566079 a prime number?
False
Is 1027 composite?
True
Is 555361 a prime number?
True
Is 2402071 a prime number?
False
Is 48053 a composite number?
True
Is 120453 a composite number?
True
Is 13379 a composite number?
True
Is 45283 composite?
True
Is 2575219 a prime number?
True
Is 10523 a composite number?
True
Is 948641 composite?
True
Is 34807 a prime number?
True
Is 156535 prime?
False
Is 1356791 prime?
False
Is 40693 a composite number?
False
Is 19373 composite?
False
Is 1321415 a composite number?
True
Is 64219 composite?
True
Is 157177 composite?
False
Is 48017 a prime number?
True
Is 639937 prime?
True
Is 28727 a prime number?
False
Is 41077 a composite number?
False
Is 660095 prime?
False
Is 2734 a composite number?
True
Is 1537961 a composite number?
False
Is 140299 a composite number?
True
Is 26511 a prime number?
False
Is 198047 a composite number?
False
Is 557339 a prime number?
True
Is 169861 prime?
False
Is 1535 prime?
False
Is 12143 a composite number?
False
Is 90887 a prime number?
True
Is 1296355 a composite number?
True
Is 3287 a composite number?
True
Is 803 a prime number?
False
Is 44809 composite?
False
Is 110089 composite?
True
Is 359869 a composite number?
False
Is 73517 composite?
False
Is 201443 a composite number?
True
Is 65866 composite?
True
Is 59089 prime?
False
Is 4955 prime?
False
Is 5557 composite?
False
Is 50261 prime?
True
Is 179779 composite?
False
Is 385369 prime?
False
Is 6109 prime?
False
Is 4729 a prime number?
True
Is 1549319 composite?
False
Is 19121 a composite number?
False
Is 290243 prime?
True
Is 79939 a composite number?
False
Is 1870813 prime?
False
Is 503959 a composite number?
False
Is 20861 a composite number?
True
Is 131821 prime?
False
Is 7411 prime?
True
Is 46687 prime?
True
Is 7639 composite?
False
Is 9206 prime?
False
Is 31358 composite?
True
Is 577387 a composite number?
False
Is 1517 a prime number?
False
Is 99961 a composite number?
False
Is 279343 a composite number?
True
Is 931619 prime?
False
Is 7609 a composite number?
True
Is 2847079 a prime number?
True
Is 122911 a composite number?
True
Is 512389 a prime number?
True
Is 250105 a prime number?
False
Is 11069 a prime number?
True
Is 2159 composite?
True
Is 26083 a prime number?
True
Is 18661 prime?
True
Is 321599 a prime number?
False
Is 2411 prime?
True
Is 14941 composite?
True
Is 257837 a prime number?
True
Is 16919 composite?
True
Is 3953 composite?
True
Is 377855 a composite number?
True
Is 15709 a composite number?
True
Is 3343 prime?
True
Is 414571 prime?
True
Is 1618471 prime?
True
Is 2335 a prime number?
False
Is 5759 composite?
True
Is 7233 a composite number?
True
Is 60317 prime?
True
Is 77381 prime?
False
Is 122603 a prime number?
False
Is 1982263 a composite number?
False
Is 809 a composite number?
False
Is 2806885 a prime number?
False
Is 1039 prime?
True
Is 6329 prime?
True
Is 14501 composite?
True
Is 51307 prime?
True
Is 23597 composite?
True
Is 1370213 a composite number?
True
Is 14191 a prime number?
False
Is 353813 prime?
True
Is 9743 prime?
True
Is 22633 composite?
True
Is 69593 composite?
False
Is 15815 composite?
True
Is 16301 a prime number?
True
Is 181711 a composite number?
False
Is 3047941 a prime number?
False
Is 333955 prime?
False
Is 365363 a composite number?
True
Is 8069 a composite number?
False
Is 3595 a composite number?
True
Is 85051 prime?
False
Is 434081 prime?
True
Is 42037 a prime number?
False
Is 142331 composite?
True
Is 300187 prime?
True
Is 631 a pr